a multiple of 10?
True
Let w = 5245 + -511. Is w a multiple of 68?
False
Suppose 5*h = 4*m - 28 + 1, -9 = -4*m - h. Suppose -4*f = -3*k - 942, -m*f - f + 4*k = -944. Is f a multiple of 35?
False
Suppose 316*s - 71*s + 3*s = 335544. Does 25 divide s?
False
Is 15 a factor of 58648 + (-19)/(-133)*-91?
True
Let q(l) = 16*l**2 - 52*l - 12. Let c be q(9). Let v = -551 + c. Is 53 a factor of v?
True
Let t(c) = 62*c + 21. Let w(b) = -3. Let n(m) = -3*t(m) - 24*w(m). Does 13 divide n(-1)?
True
Let u = -38 + 92. Let o be (-6628)/(-18) - (6 - 312/u). Suppose -9*z + 1027 = -o. Is z a multiple of 17?
False
Is (-12)/16*-8 + 2991 a multiple of 17?
False
Let p(h) = 9*h - 12. Let r = 159 + 77. Let w be 59/r - ((-30)/8 + -1). Is 11 a factor of p(w)?
True
Let u = -618 + 1217. Let x = u - 326. Does 16 divide x?
False
Suppose 0 = 5*k - 57 + 207. Suppose 173*g - 12970 = 4849. Let h = g - k. Is h a multiple of 19?
True
Let v = 61 + -63. Let u be (v - -1) + 253 - (-14)/(-7). Suppose 5*w - u = -m, 390 = 2*m + 2*w - 102. Is m a multiple of 49?
True
Let d be ((-2)/(-6)*6/(-1))/(-1). Let z(t) = -15*t**d + 3 + 19*t - 2*t**3 - 44*t - 7 - 2. Is z(-8) a multiple of 43?
True
Suppose 30*c + 2169120 = 83*c - 299355. Is 23 a factor of c?
True
Let i(j) = -2*j**3 + 197*j**2 + 208*j - 357. Is 11 a factor of i(99)?
False
Let t(z) = z**3 + 8*z**2 + z + 9. Let y be t(-8). Is (y/(-2))/(-5 - (-25794)/5160) a multiple of 10?
True
Suppose 6*q - 23 = -59. Let u be (5 + -2)/(0 - q/116). Suppose 3*b - u = -22. Is b a multiple of 12?
True
Let a(d) be the third derivative of d**6/60 + d**5/30 - 3*d**4/2 + 5*d**3/3 - 168*d**2. Is a(5) a multiple of 5?
True
Suppose 2*h + 25*h = 7236. Is h even?
True
Let l(j) = -23*j**3 + 2*j**2 + j. Let o be ((-10)/3)/(-4*7/42). Suppose -z - t + 4*t - 4 = 0, 6 = -z + o*t. Is 4 a factor of l(z)?
True
Is 19 a factor of ((-20 - (-672)/35) + 8546/(-5))*-3?
True
Let o = 535 - 111. Let d be ((-6)/4)/(0 + 4/o). Let a = d + 249. Is 15 a factor of a?
True
Let q be (-2)/(4/(-10))*198/10. Let k = 381 + q. Suppose -o = -7*o + k. Is 10 a factor of o?
True
Let u(i) = -i**3 + 6*i**2 - 5. Let y be u(5). Suppose y*b = 18*b + 294. Is b a multiple of 5?
False
Suppose -7*z - 83729 = -4*d - 8*z, 3*d = -5*z + 62835. Does 230 divide d?
True
Suppose -2*s + 2*o = -1568, 2*s - 24*o - 1566 = -23*o. Is 2 a factor of ((-5)/(-15))/(s/156 + -5)?
True
Let d(k) = -k**3 + 2*k**2 + 5*k + 13. Let l = 315 - 320. Is d(l) a multiple of 12?
False
Suppose 4*m = -4*v + 8*m + 136, 4*v + 5*m = 181. Suppose -v*j = j - 10240. Does 4 divide j?
True
Let d(y) = y**3 + 5*y**2 - 2*y - 20. Let n be d(-4). Let j(w) = 2*w**3 - 2*w**2 + 12*w - 10. Is 11 a factor of j(n)?
False
Let r(b) = 2*b + 48. Let c be r(8). Suppose 14*g - 496 = c. Is g a multiple of 4?
True
Does 13 divide (-1 + 3)*3*(-94787)/(-462)?
False
Let d = -37 - -37. Suppose d = -41*y + 36*y + 25. Suppose -5*a = t + y, -t + 11 = 2*t + 2*a. Is t a multiple of 2?
False
Suppose 0 = 27*x - 7071 - 6996. Suppose 1573 = 534*n - x*n. Is 54 a factor of n?
False
Let h = 196 + -199. Does 14 divide -1 - (-245 - (-9 - h))?
True
Let c(r) = -r**2 + 9*r - 3. Let b be c(9). Let m(w) = 18 - 8*w - 11*w - 11 - 24. Is m(b) a multiple of 3?
False
Let p(l) = 26*l**2 + 76*l - 2225. Is p(29) a multiple of 118?
False
Let m(j) = -j**3 - 27*j**2 - 28*j + 38. Suppose 4*v - 12*v + 848 = 0. Suppose -5*n + 108 = -9*n - 2*p, 0 = 4*n + p + v. Is 10 a factor of m(n)?
True
Let h(u) = -3*u. Let x be h(-4). Let n(o) = 3 + 2*o + 6 - 28. Is 4 a factor of n(x)?
False
Let o(d) = d**2 - 9*d - 45. Let z be o(-7). Let m = z + -56. Let r(t) = 2*t**2 - 9*t - 17. Does 7 divide r(m)?
True
Let o(c) = -326*c**3 - c**2 + 3*c - 2. Let k(r) = r**3 - 5*r**2 + 7*r - 2. Let j be k(3). Let v be o(j). Let u = -196 - v. Does 26 divide u?
True
Let b be 80/(-12)*72/(-15). Let p = 32 - b. Let t(h) = -h**2 - h + 45. Is t(p) a multiple of 11?
False
Let t = -153 + 179. Suppose 0 = 3*u - t - 844. Is u a multiple of 29?
True
Let y(i) be the second derivative of 20/3*i**3 + 8*i + 0 + 5*i**2. Does 33 divide y(3)?
False
Suppose -1096 = 4*f - 6*f + 4*o, 3*f + 4*o = 1644. Let y = f - 503. Is y a multiple of 2?
False
Let b = -156 + 160. Suppose 11 = -b*h - 61. Does 6 divide (-2)/6*47*(h + 15)?
False
Let g be 1 + -1 - (-20)/50*5. Suppose a = g*z - 288, -718 = -8*z + 3*z + 2*a. Does 19 divide z?
False
Let c(t) = 2*t**2 + 73*t - 4160. Does 52 divide c(52)?
True
Suppose 0 = 3*n + 5*b - 32, 22 = 2*n + 4*b - 0. Let w be (-3)/4*((-39)/n - -3). Does 37 divide (-876)/(-24) + w/2?
True
Is (4/24 - 1047/18)/((-2)/490) a multiple of 35?
True
Let u = -24 - -30. Let n be (2/u + 0)/(1/15). Suppose -2*a + 128 = 2*l, a - n + 2 = 0. Is 13 a factor of l?
False
Let b(q) = -7*q + 47. Let u be b(6). Suppose 0 = o - 3, -u*l - 22*o + 87 = -18*o. Is l a multiple of 5?
True
Suppose -5*v + 1539 + 1141 = -5*i, 4*i = -v + 536. Suppose -g - 197 + v = 0. Does 65 divide g?
False
Suppose -101 = 4*k + 5*u, -5*u - 24 - 29 = 2*k. Let g be (k/(-18))/((-3)/(90/(-2))). Suppose -18*l + g*l - 188 = 0. Does 8 divide l?
False
Suppose 6769 - 118391 = -12*n + 2*q, 46515 = 5*n + 5*q. Does 166 divide n?
False
Let z = 1377 + 1801. Is 6 a factor of z?
False
Suppose -137*n = -261913 - 121525 - 351567. Is 45 a factor of n?
False
Let q be (-143)/5 + (-42)/(-70). Is (304/q)/(4/(-42)) a multiple of 14?
False
Suppose 45*m = -47*m + 300932. Is m a multiple of 9?
False
Suppose -4*r - w + 59768 = 1359, -2*w + 10 = 0. Is r a multiple of 16?
False
Let r be ((2/(-5))/1)/((-33)/3795). Suppose 44*y + 918 = r*y. Is y a multiple of 19?
False
Let u(m) = -346*m - 4173. Does 8 divide u(-103)?
False
Let j be 158/3 + 7/(84/(-8)). Let m = j - 47. Let i = m - -33. Does 4 divide i?
False
Let l(y) = -y**3 + 5*y**2 - 3*y + 12. Let i be l(5). Let b be (-2 + i)*1*168/(-10). Let n = b + -50. Is n a multiple of 17?
True
Suppose 0 = -10*r + 9014 + 3466. Is 6 a factor of r?
True
Suppose -24*w + 70855 + 74375 = 23*w. Is w a multiple of 3?
True
Suppose g + 4*d - 26 = 0, 0 = 20*g - 15*g - d - 25. Suppose 0 = 3*s + g - 846. Does 20 divide s?
True
Suppose -172 = 13*u - 15*u. Is 11 a factor of u?
False
Suppose 17*d - 233 = 243. Let r be 1*4/(-16) + (-1572)/(-16). Suppose -9*h + r = -d. Is h a multiple of 9?
False
Let z = -237 - -244. Suppose 0 = -z*f - 4*f + 825. Is f a multiple of 6?
False
Let a = 3889 - 1960. Suppose 3*y - b = a + 295, -2*y + 1488 = 2*b. Is 53 a factor of y?
True
Let r = -1415 - -2008. Suppose 5*m - r = -5*s + s, -s - 3*m = -150. Is s a multiple of 7?
True
Let t be ((-5)/20)/((-3)/2748). Suppose -3*c - 2 = t. Is 4 a factor of 33/c - 136/(-7)?
False
Suppose 3*t - 4*n = 55, 4*t - 60 = -0*t + 2*n. Let g be (2/(-4))/(t/(-130)). Suppose 0*k = g*k - 120. Is 6 a factor of k?
True
Let b = 31 - 139. Let d(c) = 7*c - 6. Let r be d(-9). Let a = r - b. Does 13 divide a?
True
Suppose 0 = -5*p - 15, -23*b = -26*b - 5*p + 8163. Is b a multiple of 24?
False
Suppose -2*i + 5*k - 10*k = -25, -5 = 5*i - k. Suppose 2*q - 42 + i = 0. Suppose 0 = -5*w + 2*w + q. Does 4 divide w?
False
Suppose 38 = -7*z + 73. Suppose -z*r - 3*k = -7*k - 1975, 0 = 4*r + 5*k - 1539. Does 33 divide r?
False
Let b be 30 + 85 - (1 - 2). Let f = b - 114. Suppose 3*y - 629 = -5*u, -3*u + 109 = -f*u - 5*y. Does 7 divide u?
False
Let q = 26025 - 10244. Is q a multiple of 15?
False
Let t be 8/5*(-29 - -34). Does 70 divide ((-6300)/5)/(12/t + -3)?
True
Suppose -6*z + 123 = -5*g - 5*z, -12 = -4*z. Let b = g - -26. Suppose -5*p = -4*s + 601, 3*s - b*p = 2*s + 151. Does 14 divide s?
False
Let a(i) = 13*i - 41. Let l(k) = 28*k - 82. Let c(x) = -9*a(x) + 4*l(x). Does 2 divide c(5)?
True
Let g(w) = -215*w - 336. Is g(-14) a multiple of 9?
False
Let c(p) = 5*p**2 + 21*p + 11. Let s be (-6)/(-2)*((-16)/(-24) - -1). Suppose -s*q - 32 = -j - 1, 0 = 5*q + 5*j + 25. Is 7 a factor of c(q)?
False
Suppose 15*d - 9*d = 12. Suppose v = -d*y + 70, 4*y - 374 = -0*v - 5*v. Does 78 divide v?
True
Suppose -5*k + 18085 = 5*i, -2*i - 1619 + 16083 = 4*k. Is 15 a factor of k?
True
Suppose 2*v - n = 3, -3*n - 8 = 5*v - 10*v. Is 13 a factor of -9*(-1412)/60 - v/(-5)?
False
Suppose -8*n + 420 = -20. Let r = -55 + n. Suppose -4*g + r*z = 2*z - 164, -227 = -5*g + 3*z. Is 8 a factor of g?
False
Let j be ((-340)/35)/((-16)/112). Suppose -360 = j*q - 73*q. Does 8 divide q?